0520 is divided by 6892.
200
What is the remainder when 17706293 is divided by 176?
165
Calculate the remainder when 30686390 is divided by 1598.
1594
What is the remainder when 9143106 is divided by 804?
18
Calculate the remainder when 384241 is divided by 577.
536
Calculate the remainder when 9668 is divided by 1349.
225
Calculate the remainder when 176921 is divided by 456.
449
What is the remainder when 650196 is divided by 2520?
36
What is the remainder when 3778742 is divided by 24?
14
What is the remainder when 281306 is divided by 1758?
26
Calculate the remainder when 58020605 is divided by 6594.
6593
Calculate the remainder when 1060406 is divided by 7797.
14
Calculate the remainder when 15753013 is divided by 148613.
35
What is the remainder when 67049704 is divided by 5587474?
16
What is the remainder when 120398 is divided by 58588?
3222
Calculate the remainder when 882751 is divided by 294177.
220
What is the remainder when 18702321 is divided by 826?
29
What is the remainder when 191286 is divided by 1051?
4
Calculate the remainder when 692669 is divided by 813.
806
What is the remainder when 18892372 is divided by 3778473?
7
What is the remainder when 6312866 is divided by 29?
1
Calculate the remainder when 5889397 is divided by 337.
322
What is the remainder when 497421832 is divided by 3822?
3820
Calculate the remainder when 3031369 is divided by 1515681.
7
What is the remainder when 7101092 is divided by 196?
12
What is the remainder when 50561846 is divided by 13?
10
Calculate the remainder when 99734 is divided by 81725.
18009
Calculate the remainder when 660571 is divided by 82487.
675
What is the remainder when 2209484 is divided by 470?
14
What is the remainder when 2550752 is divided by 337?
336
What is the remainder when 26656399 is divided by 157?
154
What is the remainder when 72307813 is divided by 36153906?
1
Calculate the remainder when 9340238 is divided by 106139.
6
What is the remainder when 11874413 is divided by 7?
5
Calculate the remainder when 1678394 is divided by 11903.
71
What is the remainder when 1047051 is divided by 1351?
26
What is the remainder when 502893 is divided by 14367?
48
Calculate the remainder when 7301089 is divided by 2092.
9
What is the remainder when 3718620 is divided by 743712?
60
What is the remainder when 3463362 is divided by 1151?
3
What is the remainder when 187242862 is divided by 13115?
7
Calculate the remainder when 305895 is divided by 215.
165
What is the remainder when 206050933 is divided by 68683638?
19
What is the remainder when 2781286 is divided by 347660?
6
What is the remainder when 12026213 is divided by 534?
533
What is the remainder when 3753266 is divided by 1251081?
23
What is the remainder when 442314 is divided by 21062?
12
Calculate the remainder when 134235 is divided by 44148.
1791
Calculate the remainder when 115880 is divided by 8907.
89
What is the remainder when 291672 is divided by 609?
570
What is the remainder when 57235148 is divided by 47577?
17
Calculate the remainder when 1318446 is divided by 905.
766
Calculate the remainder when 224391 is divided by 224163.
228
Calculate the remainder when 1224470 is divided by 35.
30
What is the remainder when 37681 is divided by 4091?
862
Calculate the remainder when 55414 is divided by 2555.
1759
Calculate the remainder when 155146865 is divided by 595.
20
Calculate the remainder when 342191 is divided by 26314.
109
Calculate the remainder when 12938301 is divided by 164.
13
Calculate the remainder when 382224 is divided by 1086.
1038
What is the remainder when 54211984 is divided by 525?
484
Calculate the remainder when 405018 is divided by 154.
152
What is the remainder when 10480339 is divided by 23?
21
Calculate the remainder when 801908 is divided by 165.
8
Calculate the remainder when 1312257 is divided by 1336.
305
Calculate the remainder when 986391 is divided by 6710.
21
What is the remainder when 151133 is divided by 350?
283
Calculate the remainder when 9582992 is divided by 74.
66
What is the remainder when 114810 is divided by 4626?
3786
Calculate the remainder when 7174042 is divided by 148.
38
What is the remainder when 19734215 is divided by 13?
7
What is the remainder when 16506194 is divided by 215?
214
Calculate the remainder when 4949 is divided by 1161.
305
What is the remainder when 1625972 is divided by 67747?
44
Calculate the remainder when 672913 is divided by 1429.
1283
What is the remainder when 1499435 is divided by 499780?
95
What is the remainder when 114855 is divided by 55?
15
Calculate the remainder when 474788 is divided by 2208.
68
Calculate the remainder when 5676305 is divided by 931.
929
Calculate the remainder when 681629 is divided by 190.
99
What is the remainder when 2486694 is divided by 296?
294
What is the remainder when 27513766 is divided by 3057085?
1
What is the remainder when 172104129 is divided by 297758?
5
What is the remainder when 33336 is divided by 191?
102
Calculate the remainder when 7771591 is divided by 4469.
0
Calculate the remainder when 511168 is divided by 1420.
1388
Calculate the remainder when 64944 is divided by 2465.
854
Calculate the remainder when 1029530 is divided by 22.
18
What is the remainder when 118355 is divided by 23655?
80
Calculate the remainder when 2335066 is divided by 583702.
258
What is the remainder when 824318 is divided by 607?
12
What is the remainder when 94812 is divided by 92118?
2694
Calculate the remainder when 46521703 is divided by 77.
74
What is the remainder when 1026754 is divided by 20535?
4
Calculate the remainder when 234000 is divided by 233899.
101
What is the remainder when 2478640 is divided by 53?
42
Calculate the remainder when 32721 is divided by 2199.
1935
Calculate the remainder when 295136 is divided by 295054.
82
Calculate the remainder when 883745 is divided by 1219.
1189
What is the remainder when 125325383 is divided by 673?
669
What is the remainder when 40237640 is divided by 643?
629
What is the remainder when 68978566 is divided by 22992854?
4
Calculate the remainder when 12691853 is divided by 488148.
5
Calculate the remainder when 2570021 is divided by 9345.
146
Calculate the remainder when 2371839 is divided by 20.
19
What is the remainder when 26549 is divided by 24791?
1758
What is the remainder when 3155313 is divided by 99?
84
What is the remainder when 1126150 is divided by 225228?
10
What is the remainder when 3456617 is divided by 1163?
181
Calculate the remainder when 71860451 is divided by 69.
56
What is the remainder when 51834 is divided by 4789?
3944
What is the remainder when 906573 is divided by 302183?
24
Calculate the remainder when 23732955 is divided by 160.
155
What is the remainder when 3874136 is divided by 239?
185
What is the remainder when 29383035 is divided by 183?
6
Calculate the remainder when 1492402 is divided by 109.
83
What is the remainder when 6129128 is divided by 102152?
8
Calculate the remainder when 470230 is divided by 50.
30
What is the remainder when 393108 is divided by 196554?
0
What is the remainder when 458843 is divided by 152848?
299
Calculate the remainder when 20928 is divided by 2144.
1632
Calculate the remainder when 4452967 is divided by 2226382.
203
Calculate the remainder when 53678458 is divided by 43.
10
What is the remainder when 114823 is divided by 16313?
632
What is the remainder when 17862140 is divided by 2784?
2780
Calculate the remainder when 711795 is divided by 366.
291
What is the remainder when 23770897 is divided by 64?
17
Calculate the remainder when 420392 is divided by 2051.
1988
What is the remainder when 469113 is divided by 254?
229
Calculate the remainder when 30423 is divided by 180.
3
What is the remainder when 333547 is divided by 55491?
601
Calculate the remainder when 13745373 is divided by 216.
213
What is the remainder when 683106405 is divided by 227702133?
6
What is the remainder when 104564 is divided by 830?
814
Calculate the remainder when 8361406 is divided by 1044.
10
What is the remainder when 2140 is divided by 2122?
18
What is the remainder when 9829323 is divided by 1083?
15
What is the remainder when 473768 is divided by 4783?
251
Calculate the remainder when 108148 is divided by 1830.